*l + 20, -4*h + 2*l + 56 = 0. What is the tens digit of (78/h)/((-7)/(-35))?
2
Suppose 3*m + 5*c = -8, 2*m + m - 8 = -c. Suppose -s + 0*s = 5*n - 8, 4*n = 2*s - 2. Suppose 2*r - 5*a - s = 0, m*r = a + a + 30. What is the units digit of r?
9
What is the units digit of (1/4)/((1 - -12)/165412)?
1
Let u = 36 + -16. Let f(p) = 2*p**2. Let d be f(-4). Let w = d - u. What is the units digit of w?
2
Suppose 626 + 250 = 4*b. Suppose 0 = -5*i + 3*l + 416 + b, 2*l - 270 = -2*i. What is the units digit of i?
0
Suppose 5*u + 15 = 3*r, 5*r - 2*u = 5 + 1. Suppose r = 2*t - 216 - 34. Suppose x = 6*x - t. What is the units digit of x?
5
Let f be 66/2 - 4/1. Suppose 0 = 4*k + t + f, 0 = -3*k + 4*k - t + 1. What is the tens digit of ((-424)/(-12))/((-4)/k)?
5
Let s(z) = 16*z**2 + 30*z + 102. What is the tens digit of s(-15)?
5
Let j be (-2)/7 + 1596/98. Suppose -h = -j - 57. What is the units digit of h?
3
Let b(n) = 2*n - 7*n + 2 - 1 - n**2. What is the units digit of b(-5)?
1
Let q(x) = x**2 + 4*x + 3. Let r be (-12)/5 - 3/5. Let w be q(r). Suppose -5*d + 5*i + 85 = w, d + 4*i + 0 = 32. What is the units digit of d?
0
Suppose 86 = -2*o + 5*x, 3*o - 32 = -2*x - 199. What is the tens digit of ((-12)/6)/(2/o)?
5
Suppose 0 = -m + 5*b - 217 + 1142, -3*b - 1857 = -2*m. What is the tens digit of m?
3
Suppose -18 = -2*a - 14. What is the units digit of 1/4 + (a - 150/(-8))?
1
Let r = 852 + -441. What is the tens digit of r?
1
Let g = -16 - 3. Let q(z) = -19*z. Let c be q(-4). Let s = c + g. What is the units digit of s?
7
Suppose 3*q = 5 + 1. Suppose -p - 4*n = 1, -56 = -4*p - 3*n + q*n. What is the units digit of p?
5
Let n = 587 - 357. What is the hundreds digit of n?
2
What is the units digit of (-23 - -26) + (0 - 57/(-1))?
0
Let a(f) = 82*f**2 + 19*f - 2. What is the tens digit of a(6)?
6
Suppose 1250 = 4*a - 5*x, 3*a - x - 1358 = -415. What is the hundreds digit of a?
3
Let u = 2 + 3. Suppose -o - z = 4*z - 2, u*z + 40 = 5*o. Let j = o - -49. What is the units digit of j?
6
Suppose 289*w = 293*w + 4. Let x = -1 - 1. What is the tens digit of (-6)/(w + x) + 11?
1
Let o be 6/4*13/(39/54). Let h be 3 + -2 + (-1 - 1). Let w = o - h. What is the tens digit of w?
2
Suppose -200 = 4*x - 9*x. Suppose -3*v - x = -214. What is the tens digit of v?
5
Suppose 4*w = -2*i - 8, 3*i + 11 + 1 = 4*w. Suppose -2*g - 2*o + 135 + 27 = 0, w = 4*g + 2*o - 322. What is the tens digit of g?
8
Let i(a) = -a**3 + 6*a**2 + 2*a + 2. Let p be i(6). Let x = p + -11. What is the units digit of x?
3
Suppose 0 = -5*b + 3*i + 9936, 0 = 2*b - 13*i + 16*i - 3966. What is the hundreds digit of b?
9
Let o = 10 + 36. Suppose 0 = -u - 5*f - 5, 0 = 5*u + 5*f - f + o. What is the tens digit of (-2002)/(-55) + 4/u?
3
Let r(a) = -60 + 3*a + 132 - 3*a**2 + 4*a**2 - 67. What is the units digit of r(-3)?
5
Let q(j) = j**2 - 13*j + 24. What is the tens digit of q(-12)?
2
Let l be ((-6)/(-5))/(6/15). Suppose -201 = -5*x - q, -x + 43 = -0*x + l*q. Suppose 5*f + t = 154, 3*t = -5*f + 192 - x. What is the units digit of f?
1
What is the tens digit of ((-21)/(-6) + -2)/((-1)/(-326))?
8
Let j(g) = 11*g - 6. Let v(x) = x**2 - 3*x - 7. Let i be v(5). Suppose -5*c - h = 3*h - 26, 22 = 5*c + i*h. What is the units digit of j(c)?
6
Let o = -70 - -128. What is the tens digit of -7 + 7 - o/(-2)?
2
Suppose 4*o + 10 = 26. Suppose -o*j + 238 = -2*c, c = 3*j - 143 - 36. What is the tens digit of j?
6
Let d = -313 + 470. Let p = 54 + d. What is the units digit of p?
1
Let m(u) = 414*u - 676. What is the hundreds digit of m(11)?
8
Let b(u) = u**3 - 12*u**2 + 3*u - 7. Suppose -5*j - 5*w + 125 = 0, -2*j + 0*w + 52 = w. Suppose -9 = -3*v + j. What is the tens digit of b(v)?
2
Let x be (6/8)/((-2)/(-8)). Suppose 82*y = 81*y + 175. Suppose -4*z + y = -x*o, -3*z + 7*o = 4*o - 129. What is the units digit of z?
6
Suppose -7*y + 2*y = 2*v - 438, -3*v = 5*y - 657. Suppose 356 = 5*i - v. What is the units digit of i?
5
What is the units digit of ((-24)/468*-13)/((-2)/(-2031))?
7
Suppose -9936 = -25*f - 2*f. What is the tens digit of f?
6
Suppose -48*u + 129*u - 319788 = 0. What is the hundreds digit of u?
9
Let k be 1*-1*(-2)/(-4)*-14. What is the units digit of (-1)/k - ((-898)/14 + 5)?
9
Suppose 0 = -5*j + 1445 + 620. What is the units digit of j?
3
Let t be -2 - -1 - (-6 + 3). Suppose b = -2*u - 0*b + 52, -u + t*b + 36 = 0. What is the tens digit of u?
2
Suppose -2*p = -46 - 40. Let m = 78 + p. What is the hundreds digit of m?
1
Suppose -244 = -5*t + 4*q, 5*t - 202 - 78 = -5*q. Let m = t - 17. What is the tens digit of m?
3
Let u(a) = 1314*a**2 + 5*a + 8. What is the hundreds digit of u(-1)?
3
Suppose 5*t - 9 = -5*p + 71, 2*p + 64 = 4*t. What is the tens digit of 8*t/(1 + 1)?
6
Let l be 1/(55/(-26575)) - (-4)/22. What is the tens digit of (l/6)/(1/(-2))?
6
Suppose 2*f + z - 111 = 0, 3*f - 163 = -12*z + 14*z. What is the tens digit of f?
5
Let a(h) = -4*h**3 + 5*h**2 + 2*h - 4. Let k be a(-3). Let u = -92 + k. Let d = u - 22. What is the units digit of d?
9
Let p = 12 - 7. Suppose 916 = -4*b - 2*r, b = 3*b + 3*r + 462. What is the units digit of (-2)/p + b/(-20)?
1
Suppose 5*d - 3*k - 2398 = 0, -2*k - 312 - 169 = -d. What is the hundreds digit of d?
4
Suppose 0*v + 2*v - 2*s - 34 = 0, -5*v = 2*s - 106. Suppose 8*g = 3*g - v. Let a(y) = 2*y**2 + 6*y + 2. What is the tens digit of a(g)?
1
Let g(d) = 18*d**2 + 3*d - 2. Suppose -5*u = -25, 5 + 4 = 3*l + 3*u. What is the tens digit of g(l)?
6
Suppose 0*o + 30639 = 21*o. What is the hundreds digit of o?
4
Let i = 2361 + -1380. What is the units digit of i?
1
Suppose -2*m = 2*m + 5*n - 471, -3*n = -5*m + 561. Let b = -62 + m. What is the tens digit of b?
5
Suppose 5*x - 2*i - 23 = -0*x, 4*x = 5*i + 32. Let w(m) = -1 + x + 1 + m**2 - 2*m. What is the units digit of w(4)?
1
Let y(g) = -g**3 - 7*g**2 + 1. What is the units digit of y(-7)?
1
Let u(j) = -21*j + 6. Let t be u(6). Let d be (7 + -6)/((-2)/t). Suppose -36 = -4*g + d. What is the units digit of g?
4
Let m(v) = -5*v**3 - 5*v**2 - 2*v + 26. What is the units digit of m(-6)?
8
Suppose 7*f = 8*f. Suppose 4*m - 2 - 6 = f. Suppose 3*w - 255 = -m*w. What is the tens digit of w?
5
Let k = -640 + 790. What is the tens digit of k?
5
Let y = 34 + -32. Suppose y*z - 18 = z. What is the units digit of z?
8
Suppose 5*y + 858 + 17 = 4*x, 877 = 4*x - 3*y. What is the hundreds digit of x?
2
Let h = 625 - 126. What is the tens digit of h?
9
Let i be 2*1 + 19/(38/480). Suppose a = 5*n + 109, 2*a - i = 3*n - 5*n. What is the units digit of a?
9
Let a(d) = d**2 - 7*d - 6. Let m be a(-4). Suppose 0 = -3*g + o + 184, 4*o = g - 103 + m. What is the units digit of g?
1
Let j(c) = 3*c**2 - 10*c + 5. Suppose 3*d - 6 = -3*t + 9, -4*d + 3*t = -20. Let s be j(d). Suppose -p = -2, w - 27 - s = 4*p. What is the units digit of w?
5
Suppose -28*y - 165 = -23*y. Let h be 22/y + (-628)/(-6). Suppose -14 - h = -2*b. What is the tens digit of b?
5
Suppose -2979 = -2*k + 1043. What is the tens digit of k?
1
What is the tens digit of (-837)/(-2) - ((-3)/2)/1?
2
Let w = 11357 + -5558. What is the hundreds digit of w?
7
Suppose 2630 = 10*h + 470. What is the hundreds digit of h?
2
Suppose -9*v + 34*v - 17950 = 0. What is the tens digit of v?
1
Let p(m) be the third derivative of 14*m**2 + 0*m + 0 + 1/120*m**6 + 2/15*m**5 + 5/3*m**3 + 1/24*m**4. What is the tens digit of p(-7)?
5
Let t be 2 + (-1 - 3) - -1. Suppose -6*l = 6*l - 72. Let d = l - t. What is the units digit of d?
7
Let q be (1 + 0)/(2/(-106)). Suppose 5*t = 9*t - 300. Let h = q + t. What is the units digit of h?
2
Let x = -32 + 38. Suppose 306 = x*c - 72. What is the units digit of c?
3
Suppose -36*b = -21*b - 10890. What is the hundreds digit of b?
7
Let f = 1254 + -703. What is the tens digit of f?
5
Let d(z) = 3*z**2 - 4*z - 25. What is the units digit of d(8)?
5
Suppose 4*c = -4, -5*c + c = -2*b + 5788. What is the hundreds digit of b?
8
Let g(u) = 298*u + 30. What is the hundreds digit of g(3)?
9
Let y = -22 + 24. Let d = -1 - y. What is the tens digit of 3*((d - -5) + 4)?
1
Let k(d) = 11*d**2 - 7. What is the units digit of k(-3)?
2
Let i(w) = 49*w**2 + 21*w. What is the tens digit of i(-4)?
0
Suppose -f + 4*v = -135, -847 = -5*f + 5*v - 202. What is the units digit of f?
7
Let k = 15 + 122. What is the h